{"id":8,"date":"2023-05-09T18:39:04","date_gmt":"2023-05-09T16:39:04","guid":{"rendered":"http:\/\/faire-equipe.fr\/?page_id=8"},"modified":"2026-02-11T19:40:55","modified_gmt":"2026-02-11T18:40:55","slug":"contact","status":"publish","type":"page","link":"https:\/\/faire-equipe.fr\/index.php\/contact\/","title":{"rendered":"Contact"},"content":{"rendered":"<div class=\"wp-block-image is-style-default\">\n<figure class=\"alignleft is-resized\"><img fetchpriority=\"high\" decoding=\"async\" width=\"967\" height=\"1024\" src=\"https:\/\/faire-equipe.fr\/wp-content\/uploads\/2023\/07\/IMG_7418-967x1024.jpg\" alt=\"\u00e9ducation chien strasbourg\" class=\"wp-image-210\" style=\"width:175px;height:185px\" srcset=\"https:\/\/faire-equipe.fr\/wp-content\/uploads\/2023\/07\/IMG_7418-967x1024.jpg 967w, https:\/\/faire-equipe.fr\/wp-content\/uploads\/2023\/07\/IMG_7418-283x300.jpg 283w, https:\/\/faire-equipe.fr\/wp-content\/uploads\/2023\/07\/IMG_7418-768x814.jpg 768w, https:\/\/faire-equipe.fr\/wp-content\/uploads\/2023\/07\/IMG_7418.jpg 1400w\" sizes=\"(max-width: 967px) 100vw, 967px\" \/><\/figure>\n<\/div>\n\n\n<p class=\"has-text-align-left\">J&#8217;habite \u00e0 Strasbourg (Neudorf).<br>Vous pouvez me joindre par mail ou par t\u00e9l\u00e9phone (privil\u00e9giez plut\u00f4t les SMS) :<\/p>\n\n\n\n<div class=\"wp-block-jetpack-contact-info\">\n<div class=\"wp-block-jetpack-email\"><a href=\"mailto:cecile@faire-equipe.fr\">cecile@faire-equipe.fr<\/a><\/div>\n\n\n\n<div class=\"wp-block-jetpack-phone\"><a href=\"tel:0766601614\">07 66 60 16 14<\/a><\/div>\n<\/div>\n\n\n\n<p>Vous pouvez \u00e9galement me trouver sur <a href=\"https:\/\/www.instagram.com\/faire_equipe\/\" target=\"_blank\" rel=\"noreferrer noopener\">Instagram <\/a>ou <a href=\"https:\/\/www.facebook.com\/profile.php?id=100094068600438\">Facebook<\/a> o\u00f9 je d\u00e9taille l&#8217;actualit\u00e9 de mon activit\u00e9.<\/p>\n\n\n\n<p><br>En raison de ma double activit\u00e9, je me consacre g\u00e9n\u00e9ralement \u00e0 Faire \u00e9quipe les jours suivants : <br>mardi et jeudi de 14h30 \u00e0 19h<br>vendredi de 10h \u00e0 19h<br>samedi de 14h \u00e0 18h <br>Je peux ponctuellement me rendre disponible un autre jour de la semaine, mais cela demande un peu d&#8217;organisation et donc de temps d&#8217;attente, merci pour votre compr\u00e9hension \ud83d\ude42<\/p>\n\n\n\n<p><strong>Information importante : <strong>afin de garantir la qualit\u00e9 de mes services et d&#8217;assurer un suivi optimal de mes \u00e9l\u00e8ves actuels, je ne prends plus de nouveaux clients avant mai 2026. Si votre demande peut attendre d&#8217;ici l\u00e0, n&#8217;h\u00e9sitez pas \u00e0 m&#8217;envoyer un mail. Merci de votre compr\u00e9hension et de votre confiance !<\/strong><\/strong><\/p>\n","protected":false},"excerpt":{"rendered":"<p>J&#8217;habite \u00e0 Strasbourg (Neudorf).Vous pouvez me joindre par mail ou par t\u00e9l\u00e9phone (privil\u00e9giez plut\u00f4t les SMS) : Vous pouvez \u00e9galement me trouver sur Instagram ou Facebook o\u00f9 je d\u00e9taille l&#8217;actualit\u00e9 de mon activit\u00e9. En raison de ma double activit\u00e9, je me consacre g\u00e9n\u00e9ralement \u00e0 Faire \u00e9quipe les jours suivants : mardi et jeudi de 14h30&hellip;&nbsp;<a href=\"https:\/\/faire-equipe.fr\/index.php\/contact\/\" rel=\"bookmark\"><span class=\"screen-reader-text\">Contact<\/span><\/a><\/p>\n","protected":false},"author":1,"featured_media":0,"parent":0,"menu_order":0,"comment_status":"closed","ping_status":"closed","template":"","meta":{"neve_meta_sidebar":"","neve_meta_container":"","neve_meta_enable_content_width":"","neve_meta_content_width":0,"neve_meta_title_alignment":"","neve_meta_author_avatar":"","neve_post_elements_order":"","neve_meta_disable_header":"","neve_meta_disable_footer":"","neve_meta_disable_title":"","footnotes":""},"class_list":["post-8","page","type-page","status-publish","hentry"],"jetpack_sharing_enabled":true,"_links":{"self":[{"href":"https:\/\/faire-equipe.fr\/index.php\/wp-json\/wp\/v2\/pages\/8","targetHints":{"allow":["GET"]}}],"collection":[{"href":"https:\/\/faire-equipe.fr\/index.php\/wp-json\/wp\/v2\/pages"}],"about":[{"href":"https:\/\/faire-equipe.fr\/index.php\/wp-json\/wp\/v2\/types\/page"}],"author":[{"embeddable":true,"href":"https:\/\/faire-equipe.fr\/index.php\/wp-json\/wp\/v2\/users\/1"}],"replies":[{"embeddable":true,"href":"https:\/\/faire-equipe.fr\/index.php\/wp-json\/wp\/v2\/comments?post=8"}],"version-history":[{"count":26,"href":"https:\/\/faire-equipe.fr\/index.php\/wp-json\/wp\/v2\/pages\/8\/revisions"}],"predecessor-version":[{"id":393,"href":"https:\/\/faire-equipe.fr\/index.php\/wp-json\/wp\/v2\/pages\/8\/revisions\/393"}],"wp:attachment":[{"href":"https:\/\/faire-equipe.fr\/index.php\/wp-json\/wp\/v2\/media?parent=8"}],"curies":[{"name":"wp","href":"https:\/\/api.w.org\/{rel}","templated":true}]}}